e ten thousands digit of 170777?
7
What is the hundred thousands digit of 10931688?
9
What is the units digit of 2467251?
1
What is the units digit of 6414340?
0
What is the hundred thousands digit of 2596621?
5
What is the ten thousands digit of 18217?
1
What is the hundreds digit of 1627941?
9
What is the hundreds digit of 2057?
0
What is the millions digit of 16756781?
6
What is the hundred thousands digit of 117908?
1
What is the millions digit of 1049650?
1
What is the units digit of 3126547?
7
What is the ten millions digit of 16474738?
1
What is the thousands digit of 231903?
1
What is the units digit of 6057?
7
What is the hundreds digit of 987952?
9
What is the millions digit of 1495645?
1
What is the units digit of 8491041?
1
What is the hundreds digit of 10692623?
6
What is the hundreds digit of 20149319?
3
What is the tens digit of 458741?
4
What is the hundreds digit of 2163306?
3
What is the millions digit of 8367937?
8
What is the units digit of 26512708?
8
What is the thousands digit of 15249855?
9
What is the units digit of 548266?
6
What is the ten thousands digit of 16399?
1
What is the ten thousands digit of 1187875?
8
What is the units digit of 975949?
9
What is the hundreds digit of 11847262?
2
What is the units digit of 12886?
6
What is the millions digit of 2263677?
2
What is the units digit of 586085?
5
What is the thousands digit of 446283?
6
What is the thousands digit of 9726821?
6
What is the tens digit of 251331?
3
What is the ten thousands digit of 203758?
0
What is the hundred thousands digit of 463195?
4
What is the units digit of 15477943?
3
What is the thousands digit of 506682?
6
What is the ten thousands digit of 9949922?
4
What is the thousands digit of 3394095?
4
What is the hundred thousands digit of 6119889?
1
What is the hundred thousands digit of 837016?
8
What is the hundred thousands digit of 2359347?
3
What is the hundreds digit of 1840376?
3
What is the hundreds digit of 29486063?
0
What is the units digit of 86241?
1
What is the hundreds digit of 59601?
6
What is the ten thousands digit of 9821256?
2
What is the ten thousands digit of 97721?
9
What is the millions digit of 7122972?
7
What is the hundreds digit of 15973397?
3
What is the hundred thousands digit of 1048118?
0
What is the hundreds digit of 71449?
4
What is the hundreds digit of 9592632?
6
What is the hundreds digit of 2319636?
6
What is the millions digit of 8532108?
8
What is the hundreds digit of 16676715?
7
What is the thousands digit of 26736165?
6
What is the tens digit of 532717?
1
What is the hundreds digit of 1680224?
2
What is the hundreds digit of 4215029?
0
What is the thousands digit of 215188?
5
What is the hundreds digit of 932544?
5
What is the thousands digit of 8907336?
7
What is the hundred thousands digit of 1268779?
2
What is the millions digit of 3053121?
3
What is the tens digit of 6769419?
1
What is the hundreds digit of 430764?
7
What is the hundred thousands digit of 11513513?
5
What is the thousands digit of 367637?
7
What is the units digit of 1189400?
0
What is the thousands digit of 1190540?
0
What is the thousands digit of 8769969?
9
What is the hundreds digit of 767671?
6
What is the units digit of 31169?
9
What is the tens digit of 269178?
7
What is the hundred thousands digit of 27803515?
8
What is the hundreds digit of 984183?
1
What is the hundreds digit of 1036081?
0
What is the tens digit of 240349?
4
What is the hundreds digit of 7211902?
9
What is the thousands digit of 24762867?
2
What is the thousands digit of 2674691?
4
What is the tens digit of 303465?
6
What is the tens digit of 533306?
0
What is the ten millions digit of 22030713?
2
What is the tens digit of 183392?
9
What is the hundreds digit of 338910?
9
What is the hundred thousands digit of 503455?
5
What is the units digit of 8290259?
9
What is the tens digit of 1468885?
8
What is the ten thousands digit of 7109331?
0
What is the hundreds digit of 47121?
1
What is the thousands digit of 103587?
3
What is the ten thousands digit of 6948304?
4
What is the ten thousands digit of 646425?
4
What is the units digit of 1129990?
0
What is the tens digit of 342538?
3
What is the millions digit of 4362502?
4
What is the tens digit of 4440289?
8
What is the ten thousands digit of 11857346?
5
What is the hundreds digit of 473267?
2
What is the ten thousands digit of 24241884?
4
What is the millions digit of 23191926?
3
What is the units digit of 8679387?
7
What is the units digit of 181487?
7
What is the tens digit of 18889594?
9
What is the millions digit of 14334232?
4
What is the units digit of 159383?
3
What is the millions digit of 1101855?
1
What is the hundred thousands digit of 16991796?
9
What is the hundred thousands digit of 393858?
3
What is the hundreds digit of 207064?
0
What is the hundreds digit of 28570?
5
What is the tens digit of 658876?
7
What is the tens digit of 5976428?
2
What is the ten thousands digit of 433617?
3
What is the hundred thousands digit of 1045904?
0
What is the hundred thousands digit of 3402529?
4
What is the thousands digit of 4817?
4
What is the units digit of 984082?
2
What is the thousands digit of 2612845?
2
What is the hundreds digit of 5438752?
7
What is the hundred thousands digit of 4169728?
1
What is the ten thousands digit of 413588?
1
What is the units digit of 533459?
9
What is the millions digit of 1589925?
1
What is the thousands digit of 1276468?
6
What is the millions digit of 1973384?
1
What is the hundreds digit of 16853988?
9
What is the thousands digit of 1683543?
3
What is the thousands digit of 323238?
3
What is the hundred thousands digit of 420541?
4
What is the hundreds digit of 376873?
8
What is the ten thousands digit of 232161?
3
What is the units digit of 558168?
8
What is the hundreds digit of 36124?
1
What is the hundreds digit of 490042?
0
What is the units digit of 185471?
1
What is the units digit of 108786?
6
What is the hundreds digit of 118455?
4
What is the tens digit of 23203734?
3
What is the units digit of 841555?
5
What is the tens digit of 24744091?
9
What is the hundred thousands digit of 2068717?
0
What is the hundred thousands digit of 153385?
1
What is the tens digit of 2338054?
5
What is the ten thousands digit of 1029929?
2
What is the ten thousands digit of 214049?
1
What is the ten thousands digit of 3407483?
0
What is the tens digit of 796642?
4
What is the units digit of 309225?
5
What is the units digit of 286060?
0
What is the millions digit of 3015626?
3
What is the units digit of 129259?
9
What is the hundred thousands digit of 875607?
8
What is the hundreds digit of 152243?
2
What is the units digit of 639986?
6
What is the tens digit of 64814?
1
What is the hundreds digit of 2526275?
2
What is the tens digit of 202253?
5
What is the ten thousands digit of 61575?
6
What is the millions digit of 5543881?
5
What is the hundreds digit of 2776139?
1
What is the hundreds digit of 129019?
0
What is the ten thousands digit of 582981?
8
What is the thousands digit of 3145677?
5
What is the hundreds digit of 69980?
9
What is the thousands digit of 17049125?
9
What is the tens digit of 7475893?
9
What is the hundred thousands digit of 1787071?
7
What is the thousands digit of 1347726?
7
What is the hundred thousands digit of 335489?
3
What is the ten thousands digit of 11133642?
3
What is the units digit of 33790?
0
What is the hundred thousands digit of 3961255?
9
What is the hundred thousands digit of 2356189?
3
What is the hundreds digit of 1432271?
2
What is the units digit of 156180?
0
What is the tens digit of 372793?
9
What is the ten thousands digit of 1639840?
3
What is the hundreds digit of 7690855?
8
What is the millions digit of 1978012?
1
What is the units digit of 60857?
7
What is the units digit of 1138931?
1
What is the hundreds digit of 1305601?
6
What is the ten thousands digit of 704992?
0
What is the units digit of 838188?
8
What is the units digit of 77802?
2
What is the hundreds digit of 5880897?
8
What is the hundred thousands digit of 9784379?
7
What is the tens digit of 545855?
5
What is the ten thousands digit of 56656?
5
What is the units digit of 9818571?
1
What is the units digit of 932069?
9
What is the ten thousands digit